{"id":86233,"date":"2025-11-26T16:46:53","date_gmt":"2025-11-26T15:46:53","guid":{"rendered":"https:\/\/nordicpadel.com\/sv\/product\/nox-thermo-pro-bag\/"},"modified":"2025-11-27T07:06:23","modified_gmt":"2025-11-27T06:06:23","slug":"nox-thermo-pro-bag","status":"publish","type":"product","link":"https:\/\/nordicpadel.com\/sv\/product\/nox-thermo-pro-bag\/","title":{"rendered":"NOX Thermo Pro Bag"},"content":{"rendered":"<p>Nox Pro Padelbag i rosasvart l\u00e4cker design. Detta \u00e4r en rej\u00e4l <a href=\"https:\/\/nordicpadel.com\/sv\/product-category\/padelvaska\/\">padelv\u00e4ska<\/a> tillverkat i l\u00e5gviktsmaterial vilket g\u00f6r den enkel och smidig att b\u00e4ra med. Ett fack med plats f\u00f6r tv\u00e5 padelracketar samt ett hudfack med plats f\u00f6r ombyten med mera. Nox har \u00e4ven ett helt avskilt ventilerande skofack som g\u00f6r v\u00e4skan mycket praktisk f\u00f6r att kunna separarea skor rena kl\u00e4der ifr\u00e5n smutsiga skor. V\u00e4skan kan b\u00e4ras som en ryggs\u00e4ck tack vare tv\u00e5 vadderade axelremmar. Storlek: 60 x 27 x 30 cm F\u00e4rg: Rosa och svart<\/p>\n","protected":false},"excerpt":{"rendered":"<p>Nox Pro Padelbag i rosasvart l\u00e4cker design. Detta \u00e4r en rej\u00e4l padelv\u00e4ska tillverkat i l\u00e5gviktsmaterial vilket g\u00f6r den enkel och smidig att b\u00e4ra med. Ett fack med plats f\u00f6r tv\u00e5 padelracketar samt ett hudfack med plats f\u00f6r ombyten med mera. Nox har \u00e4ven ett helt avskilt ventilerande skofack som g\u00f6r v\u00e4skan mycket praktisk f\u00f6r att [&hellip;]<\/p>\n","protected":false},"featured_media":86232,"comment_status":"open","ping_status":"closed","template":"","meta":[],"pwb-brand":[],"product_cat":[30],"product_tag":[],"woo-feed-brand":[],"class_list":{"0":"post-86233","1":"product","2":"type-product","3":"status-publish","4":"has-post-thumbnail","6":"product_cat-padelvaska","7":"pa_varumarke-nox","9":"first","10":"outofstock","11":"taxable","12":"shipping-taxable","13":"purchasable","14":"product-type-simple"},"bundled_by":[],"bundle_stock_status":"outofstock","bundle_stock_quantity":0,"bundle_virtual":false,"bundle_layout":"","bundle_add_to_cart_form_location":"","bundle_editable_in_cart":false,"bundle_sold_individually_context":"","bundle_item_grouping":"","bundle_min_size":"","bundle_max_size":"","bundled_items":[],"bundle_sell_ids":[],"acf":[],"yoast_head":"<!-- This site is optimized with the Yoast SEO plugin v23.1 - https:\/\/yoast.com\/wordpress\/plugins\/seo\/ -->\n<title>NOX Thermo Pro Bag - Nordic Padel<\/title>\n<meta name=\"robots\" content=\"index, follow, max-snippet:-1, max-image-preview:large, max-video-preview:-1\" \/>\n<link rel=\"canonical\" href=\"https:\/\/nordicpadel.com\/sv\/product\/nox-thermo-pro-bag\/\" \/>\n<meta property=\"og:locale\" content=\"sv_SE\" \/>\n<meta property=\"og:type\" content=\"article\" \/>\n<meta property=\"og:title\" content=\"NOX Thermo Pro Bag - Nordic Padel\" \/>\n<meta property=\"og:description\" content=\"Nox Pro Padelbag i rosasvart l\u00e4cker design. Detta \u00e4r en rej\u00e4l padelv\u00e4ska tillverkat i l\u00e5gviktsmaterial vilket g\u00f6r den enkel och smidig att b\u00e4ra med. Ett fack med plats f\u00f6r tv\u00e5 padelracketar samt ett hudfack med plats f\u00f6r ombyten med mera. Nox har \u00e4ven ett helt avskilt ventilerande skofack som g\u00f6r v\u00e4skan mycket praktisk f\u00f6r att [&hellip;]\" \/>\n<meta property=\"og:url\" content=\"https:\/\/nordicpadel.com\/sv\/product\/nox-thermo-pro-bag\/\" \/>\n<meta property=\"og:site_name\" content=\"Nordic Padel\" \/>\n<meta property=\"article:modified_time\" content=\"2025-11-27T06:06:23+00:00\" \/>\n<meta property=\"og:image\" content=\"https:\/\/nordicpadel.com\/sv\/wp-content\/uploads\/sites\/10\/2025\/11\/11ec8c487ba01ac3c030e930c5d7464e.jpg\" \/>\n\t<meta property=\"og:image:width\" content=\"400\" \/>\n\t<meta property=\"og:image:height\" content=\"329\" \/>\n\t<meta property=\"og:image:type\" content=\"image\/jpeg\" \/>\n<meta name=\"twitter:card\" content=\"summary_large_image\" \/>\n<script type=\"application\/ld+json\" class=\"yoast-schema-graph\">{\"@context\":\"https:\/\/schema.org\",\"@graph\":[{\"@type\":\"WebPage\",\"@id\":\"https:\/\/nordicpadel.com\/sv\/product\/nox-thermo-pro-bag\/\",\"url\":\"https:\/\/nordicpadel.com\/sv\/product\/nox-thermo-pro-bag\/\",\"name\":\"NOX Thermo Pro Bag - Nordic Padel\",\"isPartOf\":{\"@id\":\"https:\/\/nordicpadel.com\/sv\/#website\"},\"primaryImageOfPage\":{\"@id\":\"https:\/\/nordicpadel.com\/sv\/product\/nox-thermo-pro-bag\/#primaryimage\"},\"image\":{\"@id\":\"https:\/\/nordicpadel.com\/sv\/product\/nox-thermo-pro-bag\/#primaryimage\"},\"thumbnailUrl\":\"https:\/\/nordicpadel.com\/sv\/wp-content\/uploads\/sites\/10\/2025\/11\/11ec8c487ba01ac3c030e930c5d7464e.jpg\",\"datePublished\":\"2025-11-26T15:46:53+00:00\",\"dateModified\":\"2025-11-27T06:06:23+00:00\",\"breadcrumb\":{\"@id\":\"https:\/\/nordicpadel.com\/sv\/product\/nox-thermo-pro-bag\/#breadcrumb\"},\"inLanguage\":\"sv-SE\",\"potentialAction\":[{\"@type\":\"ReadAction\",\"target\":[\"https:\/\/nordicpadel.com\/sv\/product\/nox-thermo-pro-bag\/\"]}]},{\"@type\":\"ImageObject\",\"inLanguage\":\"sv-SE\",\"@id\":\"https:\/\/nordicpadel.com\/sv\/product\/nox-thermo-pro-bag\/#primaryimage\",\"url\":\"https:\/\/nordicpadel.com\/sv\/wp-content\/uploads\/sites\/10\/2025\/11\/11ec8c487ba01ac3c030e930c5d7464e.jpg\",\"contentUrl\":\"https:\/\/nordicpadel.com\/sv\/wp-content\/uploads\/sites\/10\/2025\/11\/11ec8c487ba01ac3c030e930c5d7464e.jpg\",\"width\":400,\"height\":329,\"caption\":\"NOX Thermo Pro Bag\"},{\"@type\":\"BreadcrumbList\",\"@id\":\"https:\/\/nordicpadel.com\/sv\/product\/nox-thermo-pro-bag\/#breadcrumb\",\"itemListElement\":[{\"@type\":\"ListItem\",\"position\":1,\"name\":\"Hem\",\"item\":\"https:\/\/nordicpadel.com\/sv\/\"},{\"@type\":\"ListItem\",\"position\":2,\"name\":\"Shop\",\"item\":\"https:\/\/nordicpadel.com\/sv\/shop\/\"},{\"@type\":\"ListItem\",\"position\":3,\"name\":\"NOX Thermo Pro Bag\"}]},{\"@type\":\"WebSite\",\"@id\":\"https:\/\/nordicpadel.com\/sv\/#website\",\"url\":\"https:\/\/nordicpadel.com\/sv\/\",\"name\":\"Nordic Padel\",\"description\":\"\",\"publisher\":{\"@id\":\"https:\/\/nordicpadel.com\/sv\/#organization\"},\"potentialAction\":[{\"@type\":\"SearchAction\",\"target\":{\"@type\":\"EntryPoint\",\"urlTemplate\":\"https:\/\/nordicpadel.com\/sv\/?s={search_term_string}\"},\"query-input\":\"required name=search_term_string\"}],\"inLanguage\":\"sv-SE\"},{\"@type\":\"Organization\",\"@id\":\"https:\/\/nordicpadel.com\/sv\/#organization\",\"name\":\"Nordic Padel\",\"url\":\"https:\/\/nordicpadel.com\/sv\/\",\"logo\":{\"@type\":\"ImageObject\",\"inLanguage\":\"sv-SE\",\"@id\":\"https:\/\/nordicpadel.com\/sv\/#\/schema\/logo\/image\/\",\"url\":\"https:\/\/nordicpadel.com\/sv\/wp-content\/uploads\/sites\/10\/2022\/12\/Nordic-Padel-small_1-1.png\",\"contentUrl\":\"https:\/\/nordicpadel.com\/sv\/wp-content\/uploads\/sites\/10\/2022\/12\/Nordic-Padel-small_1-1.png\",\"width\":400,\"height\":119,\"caption\":\"Nordic Padel\"},\"image\":{\"@id\":\"https:\/\/nordicpadel.com\/sv\/#\/schema\/logo\/image\/\"}}]}<\/script>\n<!-- \/ Yoast SEO plugin. -->","yoast_head_json":{"title":"NOX Thermo Pro Bag - Nordic Padel","robots":{"index":"index","follow":"follow","max-snippet":"max-snippet:-1","max-image-preview":"max-image-preview:large","max-video-preview":"max-video-preview:-1"},"canonical":"https:\/\/nordicpadel.com\/sv\/product\/nox-thermo-pro-bag\/","og_locale":"sv_SE","og_type":"article","og_title":"NOX Thermo Pro Bag - Nordic Padel","og_description":"Nox Pro Padelbag i rosasvart l\u00e4cker design. Detta \u00e4r en rej\u00e4l padelv\u00e4ska tillverkat i l\u00e5gviktsmaterial vilket g\u00f6r den enkel och smidig att b\u00e4ra med. Ett fack med plats f\u00f6r tv\u00e5 padelracketar samt ett hudfack med plats f\u00f6r ombyten med mera. Nox har \u00e4ven ett helt avskilt ventilerande skofack som g\u00f6r v\u00e4skan mycket praktisk f\u00f6r att [&hellip;]","og_url":"https:\/\/nordicpadel.com\/sv\/product\/nox-thermo-pro-bag\/","og_site_name":"Nordic Padel","article_modified_time":"2025-11-27T06:06:23+00:00","og_image":[{"width":400,"height":329,"url":"https:\/\/nordicpadel.com\/sv\/wp-content\/uploads\/sites\/10\/2025\/11\/11ec8c487ba01ac3c030e930c5d7464e.jpg","type":"image\/jpeg"}],"twitter_card":"summary_large_image","schema":{"@context":"https:\/\/schema.org","@graph":[{"@type":"WebPage","@id":"https:\/\/nordicpadel.com\/sv\/product\/nox-thermo-pro-bag\/","url":"https:\/\/nordicpadel.com\/sv\/product\/nox-thermo-pro-bag\/","name":"NOX Thermo Pro Bag - Nordic Padel","isPartOf":{"@id":"https:\/\/nordicpadel.com\/sv\/#website"},"primaryImageOfPage":{"@id":"https:\/\/nordicpadel.com\/sv\/product\/nox-thermo-pro-bag\/#primaryimage"},"image":{"@id":"https:\/\/nordicpadel.com\/sv\/product\/nox-thermo-pro-bag\/#primaryimage"},"thumbnailUrl":"https:\/\/nordicpadel.com\/sv\/wp-content\/uploads\/sites\/10\/2025\/11\/11ec8c487ba01ac3c030e930c5d7464e.jpg","datePublished":"2025-11-26T15:46:53+00:00","dateModified":"2025-11-27T06:06:23+00:00","breadcrumb":{"@id":"https:\/\/nordicpadel.com\/sv\/product\/nox-thermo-pro-bag\/#breadcrumb"},"inLanguage":"sv-SE","potentialAction":[{"@type":"ReadAction","target":["https:\/\/nordicpadel.com\/sv\/product\/nox-thermo-pro-bag\/"]}]},{"@type":"ImageObject","inLanguage":"sv-SE","@id":"https:\/\/nordicpadel.com\/sv\/product\/nox-thermo-pro-bag\/#primaryimage","url":"https:\/\/nordicpadel.com\/sv\/wp-content\/uploads\/sites\/10\/2025\/11\/11ec8c487ba01ac3c030e930c5d7464e.jpg","contentUrl":"https:\/\/nordicpadel.com\/sv\/wp-content\/uploads\/sites\/10\/2025\/11\/11ec8c487ba01ac3c030e930c5d7464e.jpg","width":400,"height":329,"caption":"NOX Thermo Pro Bag"},{"@type":"BreadcrumbList","@id":"https:\/\/nordicpadel.com\/sv\/product\/nox-thermo-pro-bag\/#breadcrumb","itemListElement":[{"@type":"ListItem","position":1,"name":"Hem","item":"https:\/\/nordicpadel.com\/sv\/"},{"@type":"ListItem","position":2,"name":"Shop","item":"https:\/\/nordicpadel.com\/sv\/shop\/"},{"@type":"ListItem","position":3,"name":"NOX Thermo Pro Bag"}]},{"@type":"WebSite","@id":"https:\/\/nordicpadel.com\/sv\/#website","url":"https:\/\/nordicpadel.com\/sv\/","name":"Nordic Padel","description":"","publisher":{"@id":"https:\/\/nordicpadel.com\/sv\/#organization"},"potentialAction":[{"@type":"SearchAction","target":{"@type":"EntryPoint","urlTemplate":"https:\/\/nordicpadel.com\/sv\/?s={search_term_string}"},"query-input":"required name=search_term_string"}],"inLanguage":"sv-SE"},{"@type":"Organization","@id":"https:\/\/nordicpadel.com\/sv\/#organization","name":"Nordic Padel","url":"https:\/\/nordicpadel.com\/sv\/","logo":{"@type":"ImageObject","inLanguage":"sv-SE","@id":"https:\/\/nordicpadel.com\/sv\/#\/schema\/logo\/image\/","url":"https:\/\/nordicpadel.com\/sv\/wp-content\/uploads\/sites\/10\/2022\/12\/Nordic-Padel-small_1-1.png","contentUrl":"https:\/\/nordicpadel.com\/sv\/wp-content\/uploads\/sites\/10\/2022\/12\/Nordic-Padel-small_1-1.png","width":400,"height":119,"caption":"Nordic Padel"},"image":{"@id":"https:\/\/nordicpadel.com\/sv\/#\/schema\/logo\/image\/"}}]}},"brands":[],"_links":{"self":[{"href":"https:\/\/nordicpadel.com\/sv\/wp-json\/wp\/v2\/product\/86233","targetHints":{"allow":["GET"]}}],"collection":[{"href":"https:\/\/nordicpadel.com\/sv\/wp-json\/wp\/v2\/product"}],"about":[{"href":"https:\/\/nordicpadel.com\/sv\/wp-json\/wp\/v2\/types\/product"}],"replies":[{"embeddable":true,"href":"https:\/\/nordicpadel.com\/sv\/wp-json\/wp\/v2\/comments?post=86233"}],"wp:featuredmedia":[{"embeddable":true,"href":"https:\/\/nordicpadel.com\/sv\/wp-json\/wp\/v2\/media\/86232"}],"wp:attachment":[{"href":"https:\/\/nordicpadel.com\/sv\/wp-json\/wp\/v2\/media?parent=86233"}],"wp:term":[{"taxonomy":"pwb-brand","embeddable":true,"href":"https:\/\/nordicpadel.com\/sv\/wp-json\/wp\/v2\/pwb-brand?post=86233"},{"taxonomy":"product_cat","embeddable":true,"href":"https:\/\/nordicpadel.com\/sv\/wp-json\/wp\/v2\/product_cat?post=86233"},{"taxonomy":"product_tag","embeddable":true,"href":"https:\/\/nordicpadel.com\/sv\/wp-json\/wp\/v2\/product_tag?post=86233"},{"taxonomy":"woo-feed-brand","embeddable":true,"href":"https:\/\/nordicpadel.com\/sv\/wp-json\/wp\/v2\/woo-feed-brand?post=86233"}],"curies":[{"name":"wp","href":"https:\/\/api.w.org\/{rel}","templated":true}]}}

<p>Nox Pro Padelbag i rosasvart läcker design. Detta är en rejäl <a href="https://nordicpadel.com/sv/product-category/padelvaska/">padelväska</a> tillverkat i lågviktsmaterial vilket gör den enkel och smidig att bära med. Ett fack med plats för två padelracketar samt ett hudfack med plats för ombyten med mera. Nox har även ett helt avskilt ventilerande skofack som gör väskan mycket praktisk för att kunna separarea skor rena kläder ifrån smutsiga skor. Väskan kan bäras som en ryggsäck tack vare två vadderade axelremmar. Storlek: 60 x 27 x 30 cm Färg: Rosa och svart</p>

<p>Nox Pro Padelbag i rosasvart läcker design. Detta är en rejäl padelväska tillverkat i lågviktsmaterial vilket gör den enkel och smidig att bära med. Ett fack med plats för två padelracketar samt ett hudfack med plats för ombyten med mera. Nox har även ett helt avskilt ventilerande skofack som gör väskan mycket praktisk för att [&hellip;]</p>

<!-- This site is optimized with the Yoast SEO plugin v23.1 - https://yoast.com/wordpress/plugins/seo/ -->
<title>NOX Thermo Pro Bag - Nordic Padel</title>
<meta name="robots" content="index, follow, max-snippet:-1, max-image-preview:large, max-video-preview:-1" />
<link rel="canonical" href="https://nordicpadel.com/sv/product/nox-thermo-pro-bag/" />
<meta property="og:locale" content="sv_SE" />
<meta property="og:type" content="article" />
<meta property="og:title" content="NOX Thermo Pro Bag - Nordic Padel" />
<meta property="og:description" content="Nox Pro Padelbag i rosasvart läcker design. Detta är en rejäl padelväska tillverkat i lågviktsmaterial vilket gör den enkel och smidig att bära med. Ett fack med plats för två padelracketar samt ett hudfack med plats för ombyten med mera. Nox har även ett helt avskilt ventilerande skofack som gör väskan mycket praktisk för att [&hellip;]" />
<meta property="og:url" content="https://nordicpadel.com/sv/product/nox-thermo-pro-bag/" />
<meta property="og:site_name" content="Nordic Padel" />
<meta property="article:modified_time" content="2025-11-27T06:06:23+00:00" />
<meta property="og:image" content="https://nordicpadel.com/sv/wp-content/uploads/sites/10/2025/11/11ec8c487ba01ac3c030e930c5d7464e.jpg" />
	<meta property="og:image:width" content="400" />
	<meta property="og:image:height" content="329" />
	<meta property="og:image:type" content="image/jpeg" />
<meta name="twitter:card" content="summary_large_image" />
<script type="application/ld+json" class="yoast-schema-graph">{"@context":"https://schema.org","@graph":[{"@type":"WebPage","@id":"https://nordicpadel.com/sv/product/nox-thermo-pro-bag/","url":"https://nordicpadel.com/sv/product/nox-thermo-pro-bag/","name":"NOX Thermo Pro Bag - Nordic Padel","isPartOf":{"@id":"https://nordicpadel.com/sv/#website"},"primaryImageOfPage":{"@id":"https://nordicpadel.com/sv/product/nox-thermo-pro-bag/#primaryimage"},"image":{"@id":"https://nordicpadel.com/sv/product/nox-thermo-pro-bag/#primaryimage"},"thumbnailUrl":"https://nordicpadel.com/sv/wp-content/uploads/sites/10/2025/11/11ec8c487ba01ac3c030e930c5d7464e.jpg","datePublished":"2025-11-26T15:46:53+00:00","dateModified":"2025-11-27T06:06:23+00:00","breadcrumb":{"@id":"https://nordicpadel.com/sv/product/nox-thermo-pro-bag/#breadcrumb"},"inLanguage":"sv-SE","potentialAction":[{"@type":"ReadAction","target":["https://nordicpadel.com/sv/product/nox-thermo-pro-bag/"]}]},{"@type":"ImageObject","inLanguage":"sv-SE","@id":"https://nordicpadel.com/sv/product/nox-thermo-pro-bag/#primaryimage","url":"https://nordicpadel.com/sv/wp-content/uploads/sites/10/2025/11/11ec8c487ba01ac3c030e930c5d7464e.jpg","contentUrl":"https://nordicpadel.com/sv/wp-content/uploads/sites/10/2025/11/11ec8c487ba01ac3c030e930c5d7464e.jpg","width":400,"height":329,"caption":"NOX Thermo Pro Bag"},{"@type":"BreadcrumbList","@id":"https://nordicpadel.com/sv/product/nox-thermo-pro-bag/#breadcrumb","itemListElement":[{"@type":"ListItem","position":1,"name":"Hem","item":"https://nordicpadel.com/sv/"},{"@type":"ListItem","position":2,"name":"Shop","item":"https://nordicpadel.com/sv/shop/"},{"@type":"ListItem","position":3,"name":"NOX Thermo Pro Bag"}]},{"@type":"WebSite","@id":"https://nordicpadel.com/sv/#website","url":"https://nordicpadel.com/sv/","name":"Nordic Padel","description":"","publisher":{"@id":"https://nordicpadel.com/sv/#organization"},"potentialAction":[{"@type":"SearchAction","target":{"@type":"EntryPoint","urlTemplate":"https://nordicpadel.com/sv/?s={search_term_string}"},"query-input":"required name=search_term_string"}],"inLanguage":"sv-SE"},{"@type":"Organization","@id":"https://nordicpadel.com/sv/#organization","name":"Nordic Padel","url":"https://nordicpadel.com/sv/","logo":{"@type":"ImageObject","inLanguage":"sv-SE","@id":"https://nordicpadel.com/sv/#/schema/logo/image/","url":"https://nordicpadel.com/sv/wp-content/uploads/sites/10/2022/12/Nordic-Padel-small_1-1.png","contentUrl":"https://nordicpadel.com/sv/wp-content/uploads/sites/10/2022/12/Nordic-Padel-small_1-1.png","width":400,"height":119,"caption":"Nordic Padel"},"image":{"@id":"https://nordicpadel.com/sv/#/schema/logo/image/"}}]}</script>
<!-- / Yoast SEO plugin. -->

Nox Pro Padelbag i rosasvart läcker design. Detta är en rejäl padelväska tillverkat i lågviktsmaterial vilket gör den enkel och smidig att bära med. Ett fack med plats för två padelracketar samt ett hudfack med plats för ombyten med mera. Nox har även ett helt avskilt ventilerande skofack som gör väskan mycket praktisk för att [&hellip;]
